is -284 + 2061?
1888
In base 15, what is 3 - 6474?
-6471
In base 5, what is -230320 - -21?
-230244
In base 2, what is -11111 + -1000111000101?
-1000111100100
In base 3, what is -100001002 + -10111?
-100011120
In base 16, what is -8 - 665cd?
-665d5
In base 13, what is 143ca4 - -2?
143ca6
In base 4, what is -10 - 223121023?
-223121033
In base 7, what is 46 + 51433?
51512
In base 3, what is -110212021211 - 11?
-110212021222
In base 6, what is -1 - 2141001?
-2141002
In base 7, what is -5 - 2523135?
-2523143
In base 11, what is -3a + -3536?
-3575
In base 2, what is -10110001 - -11101110?
111101
In base 6, what is -305105 - -30?
-305035
In base 11, what is -29 - 5a1?
-61a
In base 12, what is -b + -531b?
-532a
In base 13, what is 89 - 96?
-a
In base 4, what is -22132 + 223?
-21303
In base 12, what is -2 - -2250?
224a
In base 2, what is 1 - -10111110100000100000?
10111110100000100001
In base 15, what is 14 - -12ebd?
12ed2
In base 8, what is 37 + -12751?
-12712
In base 15, what is 5 - -15bd?
15c3
In base 6, what is -342 + 330?
-12
In base 2, what is 1100101010111 + 10?
1100101011001
In base 7, what is 1254 + -3121?
-1534
In base 5, what is 4 + -104202220?
-104202211
In base 3, what is 12 - 220201200?
-220201111
In base 5, what is 101 + -32302?
-32201
In base 14, what is 158 + -223?
-a9
In base 10, what is 3 - -81135?
81138
In base 13, what is 2bb2 + 13?
2bc5
In base 11, what is -1702 + -38?
-173a
In base 10, what is -5 - -6141?
6136
In base 2, what is 1111000011010 - -110?
1111000100000
In base 13, what is 5 + 38662?
38667
In base 9, what is -1 - 515566?
-515567
In base 6, what is -3 + -12341225?
-12341232
In base 13, what is -4 - -b076?
b072
In base 6, what is -230 - -45?
-141
In base 2, what is 1001 - 1101111110011001?
-1101111110010000
In base 9, what is -6 - -47446?
47440
In base 6, what is -5 + -415235?
-415244
In base 12, what is -73 + -202b4?
-20367
In base 8, what is 50 + 643?
713
In base 8, what is -14 + 6263?
6247
In base 13, what is -7 + -1478?
-1482
In base 9, what is 84336 - -5?
84342
In base 14, what is -36d - 120c?
-157b
In base 9, what is -8648276 + 5?
-8648271
In base 8, what is 33 - 243661?
-243626
In base 6, what is 1212550 + -2?
1212544
In base 6, what is 35304 - -3?
35311
In base 9, what is 7 + 103870?
103877
In base 2, what is -11111100011110 + 100101?
-11111011111001
In base 12, what is -459 + -157?
-5b4
In base 11, what is -3 + -5439?
-5441
In base 2, what is 1001 + 110011011000010?
110011011001011
In base 6, what is 11053444 - 4?
11053440
In base 5, what is 114 - 331234?
-331120
In base 11, what is 729 + 1016?
1744
In base 15, what is e - 2b78?
-2b69
In base 9, what is -3 - 342156?
-342160
In base 10, what is -28364 + 6?
-28358
In base 8, what is 347 + 101575?
102144
In base 10, what is 3 + 725330?
725333
In base 11, what is -156297 + -4?
-1562a0
In base 16, what is 3 + -3f90?
-3f8d
In base 6, what is 1505 - 332?
1133
In base 12, what is 8b755 - -3?
8b758
In base 15, what is -167 + -1a02?
-1b69
In base 3, what is -1020121201110 + 1?
-1020121201102
In base 14, what is 2a6 + 125?
3cb
In base 15, what is -b13e44 - 0?
-b13e44
In base 10, what is 1 + 223674?
223675
In base 16, what is 1f + 1bc6?
1be5
In base 3, what is 21221 - 2022020?
-2000022
In base 7, what is -1 + 1650501?
1650500
In base 10, what is 26602 - -11?
26613
In base 3, what is -102000 + 210?
-101020
In base 3, what is -211121 + 2202?
-201212
In base 5, what is -4102 - -114420?
110313
In base 3, what is 120211 - 112121?
1020
In base 4, what is 2133100 - -3?
2133103
In base 10, what is 9338 + 18?
9356
In base 5, what is -1403423012 + 2?
-1403423010
In base 13, what is 1488 + -83?
1405
In base 7, what is -36 + -5300?
-5336
In base 2, what is -1100011111110 - 10?
-1100100000000
In base 5, what is 3 - 4204303?
-4204300
In base 13, what is -531a0 - 5?
-531a5
In base 16, what is 25f77 + -3?
25f74
In base 7, what is -3 - -245063?
245060
In base 13, what is -4078 - 5?
-4080
In base 7, what is 104 + 23234?
23341
In base 2, what is -1 - 1101111111110111?
-1101111111111000
In base 10, what is -3126 - 445?
-3571
In base 16, what is -38ee11 - 5?
-38ee16
In base 15, what is -b9 + -285?
-34e
In base 6, what is -3 + 4500014?
4500011
In base 2, what is -101010011101 - 100011?
-101011000000
In base 10, what is 2822 + -7?
2815
In base 8, what is 13 + -235536?
-235523
In base 5, what is -1233430 - 3?
-1233433
In base 10, what is 128 + -98?
30
In base 4, what is 113 - 10333003?
-10332230
In base 8, what is 62416 - 10?
62406
In base 15, what is -193 + -10?
-1a3
In base 12, what is 4128 + aa?
4216
In base 12, what is -2342 - 8?
-234a
In base 5, what is -1021431 + 3?
-1021423
In base 9, what is 2 + 623110?
623112
In base 11, what is 1 + -3255?
-3254
In base 10, what is -2 - -295183?
295181
In base 12, what is -449 - -29?
-420
In base 5, what is 11404 + -102421?
-41012
In base 3, what is 221120 + 10111000?
11102120
In base 2, what is -1011111010 - 111100010111?
-1001000010001
In base 12, what is 7b262 - 10?
7b252
In base 5, what is -1140400101 + 0?
-1140400101
In base 3, what is -122000022122 - 0?
-122000022122
In base 7, what is 5 + 5103?
5111
In base 9, what is 25 + 18831?
18856
In base 11, what is 3 - -6881?
6884
In base 2, what is 1000000010100001 - 1110?
1000000010010011
In base 8, what is 1 - 4156164?
-4156163
In base 12, what is -3016b1 + 0?
-3016b1
In base 3, what is -121112001212 - -21?
-121112001121
In base 11, what is 2 + 249828?
24982a
In base 2, what is 1001110111101 + -1?
1001110111100
In base 13, what is 14a1 - -313?
17b4
In base 9, what is -62 + 165?
103
In base 15, what is -228 + -ab?
-2d4
In base 3, what is -12 + -220111022?
-220111111
In base 7, what is 421626 + 2?
421631
In base 4, what is -232030233 - 203?
-232031102
In base 14, what is -8b820 - 2?
-8b822
In base 7, what is 4341 + -5036?
-365
In base 8, what is -153 + 3670?
3515
In base 14, what is -193d1 - 4?
-193d5
In base 16, what is 50fe - 1?
50fd
In base 8, what is 0 - -24524?
24524
In base 16, what is b32 - -6?
b38
In base 8, what is 4211521 - 5?
4211514
In base 14, what is c38 + -21?
c17
In base 8, what is -52363 + 2?
-52361
In base 6, what is 113045 - -2?
113051
In base 9, what is 61703 + -28?
61664
In base 5, what is -14 + 2021133?
2021114
In base 8, what is -17 + -1727?
-1746
In base 3, what is -10 - -221220000?
221212220
In base 3, what is -2200022110 + 2?
-2200022101
In base 15, what is -ee34 - 24?
-ee58
In base 15, what is 4 - 189ce?
-189ca
In base 2, what is 10010001010011001 + -100?
10010001010010101
In base 8, what is -1 - 252617?
-252620
In base 10, what is 2 - -16096?
16098
In base 5, what is 422324 + -133?
422141
In base 14, what is -63 - 319?
-37c
In base 3, what is 1021021010 + -11?
1021020222
In base 4, what is -1103 - 23212?
-30321
In base 14, what is 193 - -3c7?
57a
In base 3, what is -2110022 + 20?
-2110002
In base 5, what is 43 - 2314?
-2221
In base 14, what is 1c78a + 8?
1c794
In base 2, what is -100010 - 11101011000?
-11101111010
In base 10, what is 0 - -193924?
193924
In base 15, what is -2 + -1d?
-20
In base 13, what is -cab - -17?
-c94
In base 9, what is -6452 - 180?
-6642
In base 5, what is -4 - 4224344?
-4224403
In base 2, what is -110001100110 + -101100101?
-110111001011
In base 5, what is -23 + -4114123?
-4114201
In base 3, what is 1122 + 12221020?
12222212
In base 14, what is -c5 + 237?
152
In base 15, what is 4 + 2293?
2297
In base 5, what is -213334 - 14?
-213403
In base 16, what is 1b58 + 8?
1b60
In base 8, what is 221 - 3?
216
In base 3, what is 0 - -20202210011?
20202210011
In base 6, what is -5 + 151112?
151103
In base 6, what is -5513 - 12101?
-22014
In base 16, what is -4074 - 3?
-4077
In base 2, what is -100100110001 + -10?
-100100110011
In base 14, what is 7183 + d?
7192
In base 10, what is 2 + 83849?
83851
In base 11, what is 4 - 1a01a?
-1a016
In base 3, what is 1112110110 + -102?
1112110001
In base 15, what is -1adb70 - 4?
-1adb74
In base 6, what is 0 + -2001225?
-2001225
In base 11, what is -3 - -39722a?
397227
In base 9, what is -34467 - 41?
-34518
In base 15, what is -9a0 + -2aa?
-c5a
In base 7, what is 125123 + 125?
125251
In base 5, what is 0 + -24012031?
-24012031
In base 7, what is -21 + 4113?
4062
In base 8, what is 242 - 5560?
-5316
In base 9, what is -452 + 504